26).
-15
Evaluate 20 - ((-2 - -48) + -19).
-7
Calculate 3 + (-6 + (-8 - -8) - -5).
2
What is -15 + (19 + -18 - (-1 + 1))?
-14
Calculate (2 - (5 + 2 + 4)) + 10.
1
-22 - (17 + -9 + -36)
6
What is (3 - (-11 - 1)) + 22 + -14 + -4?
19
Evaluate 8 + (0 - 10) - -2.
0
What is 0 - (-20 - (-1 + (3 - 11)))?
11
What is the value of -14 + 7 + -5 + (10 - 14) + 7?
-9
What is the value of -33 + (-33 - (-51 + -35))?
20
What is (-25 + 13 - -5) + 0 + (39 - -1)?
33
Calculate 35 + (-1 - -4) - 29.
9
What is the value of 16 + -20 - (-3 - 0) - 11?
-12
9 + -1 - (-47 + 39)
16
Calculate (0 - -1) + 5 - (-3 + (-12 - -24)).
-3
Evaluate 30 + (11 - (9 + (13 - 7))).
26
What is (10 - (5 - -4)) + 8?
9
-462 + 456 + (10 - (-2 - 0))
6
Evaluate (-112 - 14) + 100 + (0 + 1 - -7).
-18
Evaluate -19 + 6 - ((-10 - 13) + 8).
2
Evaluate (-6 - 9 - -26) + -1 - (-18 - 1).
29
2 + (16 + -4 - 20)
-6
What is 3 + (5 - (-5 + 6 + 0 + 0))?
7
Calculate (0 - (6 + 7 - 13)) + (0 - 1).
-1
Evaluate (1 - 17) + 21 - 32.
-27
Calculate -10 + (23 - 23) - (-13 - -3).
0
What is the value of (19 - 13) + -4 - (-1 - -3)?
0
(55 - 68) + (2 + 0 - -2) + 3
-6
What is the value of -3 - (6 + (10 - 24))?
5
Evaluate 3 + (17 - 25 - (-10 - 3)) + -14.
-6
What is -7 + (-10 - -21) + 2 + -1?
5
(-15 + 1 - -30) + -10
6
What is -6 - (7 + -15 + (32 - 9))?
-21
What is the value of (-8 - -1 - (188 - 192)) + -16?
-19
What is 21 + 6 + -16 + (-24 - -8) + 32?
27
What is -1 + 7 + 3 + 3?
12
5 - (-1 + 2) - (-62 - -63 - -20)
-17
What is (28 - (12 + -14 + -4)) + -1?
33
What is the value of 0 + -14 + 32 + -13?
5
What is -35 - -10 - -14 - -9?
-2
20 + 5 + -11 + -3 + 15
26
Calculate 22 - (-6 + 32 - 11).
7
What is the value of (-15 - -11) + (1 - (1 + 2)) - 4?
-10
-22 + 10 - -13 - -14
15
What is the value of (-29 + 14 - -1) + -9 + 0?
-23
What is the value of 18 + 15 + -29 - -19?
23
Evaluate 25 - (-21 - (-14 + -26)).
6
What is 13 - (18 - (-13 - -21) - 11)?
14
Evaluate 3358 + -3359 - (31 + -1 + -1).
-30
What is -11 - (-6 - ((-31 - (-3 - -4)) + 11))?
-26
-6 - ((6 - 4) + 3)
-11
Calculate (-11 - 23 - -42) + -14 + -1.
-7
What is the value of -47 + 23 + -26 + 30?
-20
Evaluate -19 + 21 - (-4 - -2).
4
Calculate -105 - -107 - (-7 - -2) - 3.
4
What is -11 + 28 - (-8 - (1 - 2))?
24
3 + 30 + -14 + -12
7
1 + -25 + -74 + 100
2
-31 + (-22 - -10 - -38)
-5
Calculate (-5 - -7) + (-12 - (-5 + 0) - -1).
-4
Evaluate -20 + (-1 - -18) + -5 + -1.
-9
What is -27 - (22 + -97 - -19)?
29
Calculate (12 - 26) + (3 - -1).
-10
What is 42 - -38 - 37 - 11?
32
Calculate 0 + 6 + -11 + 9 - 12 - -2.
-6
Evaluate -9 + -3 + (6 - 13 - -15).
-4
What is the value of 0 + (1 + 5 - (-34 + 16 - -18))?
6
Evaluate -30 + 13 + 10 + (-9 - 12).
-28
(-890 - -882 - (0 + 0 + 0)) + 31
23
2 - ((-2 - 4 - (4 - 8)) + 1)
3
What is the value of -45 + -10 + 63 - (-1 + 3 + 26)?
-20
What is the value of (4 - -1) + 7 - 1 - 2?
9
What is 0 + -9 + 14 + 12 + -5?
12
Evaluate -5 + -6 - (11 - 31 - -9) - -1.
1
Evaluate 11 + 1 + 8 + -25.
-5
What is 2 + -21 - (191 + -240)?
30
Calculate (28 - (35 + 4)) + -5.
-16
Evaluate (4 - (3 + -3)) + (11 - 5).
10
Evaluate 13 + (8 - (-1 + 38)).
-16
What is 6 + 14 + -5 + -24?
-9
Calculate 5 + -4 + 6 + -6 + 5 + -2.
4
What is -2 + 1 + 1 - (-31 + 51 + -22)?
2
What is the value of 2 - -2 - (6 + -5)?
3
Evaluate 2 - (-8 - (1 - -1) - 0).
12
What is -18 + -8 + 20 + (0 - -1) + 6?
1
What is the value of 7 - (-4 + (22 - 13))?
2
What is (-19 - -20) + 0 + (-3 - 6)?
-8
Calculate -9 + (-57 - -48) + (2 - -13).
-3
What is 3 - 7 - (0 + (-7 - (-9 - -3)))?
-3
8 + -5 - -8 - 9
2
Calculate 4 + 42 + -33 - (1 + 1).
11
What is 5 + (3 - 5) - (14 - (8 - -2))?
-1
Evaluate -2 - (-12 + 8 + -4 - 0).
6
What is (0 - 0) + (-7 - (8 + (-27 - -9)))?
3
What is the value of -4 + (0 - (14 + -28))?
10
What is the value of 1 - -2 - (-3 + (-2 + 4 - -4))?
0
What is 3 - 2 - (-14 - -6 - (1 - 5))?
5
What is (22 - 35) + 1 + 24?
12
Evaluate -42 + (-21 - -22 - -20).
-21
What is the value of 1 + 5 + (26 + -24 - (7 + -1))?
2
Evaluate 4 - ((9 - 9) + -1 + -2) - 5.
2
What is the value of (21 - 13) + (-17 - 0) + 19?
10
-18 + (-8 - ((1 - 2) + -12 - -1))
-14
What is the value of 49 + -47 - ((1 - 3) + 1)?
3
What is the value of -8 - (-15 - (-20 - -13))?
0
What is (44 - 45) + -22 + -1 + (1 - -5)?
-18
Calculate (9 - (7 - 9) - 8) + (-1 - 1).
1
What is the value of -234 + 232 - (-2 - -1)?
-1
-23 - (-31 + 18 + -3)
-7
7 - (3 + -8 + 15)
-3
What is the value of (12 - 20 - (18 + -23)) + (1 - 1)?
-3
Evaluate (12 - 13) + 6 + -11 + 7 + 0.
1
Evaluate 18 - 8 - (-5 + 16 + -3).
2
Evaluate (-10 - -1) + (2 - (-20 + -2 - -13)).
2
27 + (-32 - -22) + -8
9
Calculate -8 - (-1 + -1 - 9) - 12.
-9
Calculate -8 + (0 - -25) + (19 - 26).
10
Evaluate 0 + 0 + (6 - -4) + (-6 - -5).
9
What is -7 - (2 + -24 - (19 - 17))?
17
What is (279 - 268) + (2 - 18)?
-5
Calculate -14 - (-8 + (10 - 5)) - -13.
2
What is -6 + 4 + -14 + 184 + -171?
-3
Evaluate -10 + 30 + -14 + 4.
10
Calculate 2 + 7 + -36 + -5.
-32
Evaluate 12 + (-7 - (16 + -16)).
5
17 + 10 - 58 - -1
-30
Calculate 31 + (-6 + -26 - -14).
13
Calculate 2 + ((4 - 14) + 2 - -4).
-2
2 + -6 + 95 + -86 + -6 + -1
-2
What is the value of (27 - 9 - -17) + -12?
23
Evaluate 26 + -10 + -6 + -7.
3
Calculate 23 + (-8 + -39 - -27).
3
Calculate -14 + (-4 + 6 - (1 - -3 - -7)).
-23
What is -6 - -3 - (-5 + 8) - (-11 - -2)?
3
Calculate -11 - -8 - -9 - (2 - (-2 + 2)).
4
What is the value of 2 + (0 - -1) + 20 + (-30 - -36)?
29
Calculate -12 - ((5 - 4) + 2 + 6).
-21
2 + 2 + (135 - 130)
9
What is the value of 10 - (-11 - -11 - (-15 - -7))?
2
Evaluate (-15 - (18 - 6)) + 13 + 1 + -5.
-18
Calculate 16 + ((-4 - -2) + -4 - (22 + -19)).
7
-3 - ((-6 - -5) + -21 + 2)
17
Calculate -5 - (2 - -1) - (-39 - (11 + -18)).
24
What is (-3 - ((-1 - (-3 - -4)) + -6)) + -20?
-15
Evaluate 6 + 7 + -5 - 7.
1
What is (-3 - 14) + -1 - (68 - 77)?
-9
What is (-24 - -13) + (-5 - -5)?
-11
What is ((-5 - -9) + 5 - 1) + 23 - 3?
28
What is (8 - (8 + -19 - -13)) + -1?
5
Evaluate (-2 - 25) + 12 - (6 + 2).
-23
What is the value of (8 - (9 + -8)) + (-6 - (-6 - 2))?
9
What is 14 + -17 + 1 + 12?
10
What is the value of 108 + -41 + -63 - (-22 - 0)?
26
Calculate 10 - (9 - (2 - -2)).
5
Evaluate 9 + (38 + -49 - (13 - 2)).
-13
What is -4 + -5 + -3 + 2 + 1 + 34?
25
Evaluate -12 + (43 + -3 - 8).
20
-2 + 28 + (-16 + -2 - (100 - 111))
19
Calculate (0 - 0 - 6) + 17 - -2.
13
(15 - 22) + 25 + (0 - 13)
5
What is the value of 585 + -621 + -2 + 41?
3
Calculate 2 + -15 + (-63 - -77).
1
What is the value of -165 - -192 - (30 + 2)?
-5
What is (12 + -1 + -2 - 9) + 10?
10
What is the value of 4 + (-22 - -11) + 8 - -21 - -3?
25
What is 0 + -3 + 5 + (-45 - (-26 + -27))?
10
What is 3 + (-3 + 2 - 8) + 5?
-1
Evaluate -29 + 13 - -10 - (-16 + (0 - -2)).
8
Calculate -2 + -6 + (-10 - -6) + 6 + 1.
-5
Calculate 39 - (-15 + 26 - -12).
16
What is 168 + -179 + (17 - -1)?
7
Calculate (-5 + 4 - (-5 - -4 - 1)) + 0.
1
What is the value of 11 + -15 + 23 + -13?
6
Evaluate 2 - (4 + 19) - -35.
14
Evaluate -2 + (-2 + 15 + 2 - 10 - -6).
9
Calculate -11 + -1 - (1432 - 1484).
40
Calculate -6 - (-8 - (-5 - -22)).
19
What is 8 + -107 + 85 + (4 - 2 - 5)?
-17
-5 + 10 + 3 + 0 + -14
-6
What is the value of 5 - (7 + -4) - -3 - (-46 + 20)?
31
Calculate (-24 - 1) + 42 + (-57 - -18).
-22
Calculate 6 + -1 + (7 - 14).
-2
What is the value of 6 + -7 - (-13 + (-2 - -10))?
4
What is the value of 17 + -14 + 4 - 1?
6
What is the value of -6 + 19 + (22 + -14 - 7)?
14
-11 + -1 + 178 + -171
-5
What is -1 + 13 + (-16 - -9) - (-2 + 3)?
4
-17 + 22 + 12 - 16
1
What is the value of -6 + (-11 + (1 - 5) - 5)?
-26
Calculate 13 + 5 + -10 - (-1 + -1 + -3).
13
2 + -17 + 5 + (21 - 10)
1
What is the value of -30 + 2 + 0 + 16?
-12
What is -156 - -158 - (-1 + -1 + 24)?
-20
Calculate 14 + 0 + -13 + -3 - 11.
-13
Calculate -2 - -1 - (-3 - (0 + (1 - 13))).
-10
What is (-34 + 38 - 38) + 36?
2
Calculate (15 - 37) + 50 - 19.
9
What is -14 + -3 - -3 - 2?
-16
Calculate -21 - -66 - 16 - (15 + 1).
13
Calculate (7 - (9 + 3 + 8 + 3)) + -11.
-27
Calculate -10 - (-7 + 3 + -2).
-4
What is -3 + (7 - ((-13 - -27) + -20))?
10
Calculate 12 + -12 + (-2 - (2 - 3) - -9).
8
-9 + (4 - -4) - 3
-4
What is 4 + -63 + 50 + 2 + 0?
-7
What is the value of -9 - -1 - (-1 - (9 - -1))?
3
Calculate -2 + -3 - (16 - 15).
-6
11 + (3 - 3 - (-7 - -11))
7
Calculate -4 + -2 - (4 + 1 + -12).
1
What is the value of (2 -